 List the prime factors of q(-12).
3, 7, 83
Let v(c) = -c + 11. Let y be v(6). Let i(x) = -3*x + 5. Let h be i(y). Let z = h + 24. List the prime factors of z.
2, 7
Suppose -8 = o - 3*o. Let v be (-14)/o - 9/(-6). What are the prime factors of (-4)/v + 1 + 27?
2, 3, 5
Suppose -4*f = -5*l - 500 + 5227, -4*f = l - 955. List the prime factors of l.
947
Let j(v) = 132*v - 80. List the prime factors of j(11).
2, 7
Suppose -2 = -3*q + a, -4*a + 5 = 2*q - 15. Suppose 2*m - 88 = q*l, -3*m - l - 173 = -7*m. Suppose 27 + m = 5*i. What are the prime factors of i?
2, 7
Let x(j) be the second derivative of 7/4*j**4 + 1/6*j**3 - 5*j + 0 + 0*j**2. List the prime factors of x(1).
2, 11
Suppose 0 = -3*r - 2*h + 13, h = -4*r + 2*h - 1. Let m(l) = 105*l**3 + 2*l**2 - l - 1. What are the prime factors of m(r)?
3, 5, 7
Let k(v) = 7*v**3 - 11*v**2 - 18*v + 7. List the prime factors of k(9).
4057
Let p be 1 - (-2)/(4 + -2). Suppose 4 = -2*l + 2*b, -b - 8 = p*l - 5*b. Suppose -14*a + 18*a - 76 = l. List the prime factors of a.
19
What are the prime factors of 43395/45 - 6/(-9)?
5, 193
Suppose -6*v - 39 = -33. List the prime factors of 2*v*(-126 + 9).
2, 3, 13
Suppose -44*a = -40*a. Suppose -3*z + 268 = 2*d + 3*d, 4*z - d - 342 = a. List the prime factors of z.
2, 43
Suppose 40*w = 35*w + 240. Suppose 18 = 3*m - 3*d, 40 = 4*m + 8*d - 4*d. List the prime factors of 18/m*128/w.
2, 3
Let x(p) = -p**2 - 33*p + 176. List the prime factors of x(-18).
2, 223
Suppose 5*j = -4*x + 798, 2*x - 7*j - 406 = -6*j. What are the prime factors of x?
2, 101
Suppose 5*w = -5*u + 7*w + 1439, -2*u + 3*w + 580 = 0. List the prime factors of u.
7, 41
Let p be (-2)/(-3) + 1683/27. Suppose 4*s + p = -2*n + s, n - s + 44 = 0. Let w = n + 48. What are the prime factors of w?
3
Suppose 3*r - 21 = 6. Let u = r + -7. Suppose -13 = -u*k + 75. What are the prime factors of k?
2, 11
Suppose 0 = u + 4 + 5. What are the prime factors of (-12)/u*16*3?
2
What are the prime factors of (-1 + (-12)/(-8))/((-16)/(-16224))?
3, 13
Suppose -5*i = -4*i - 22. Suppose h - i = -1. Suppose o + h = 2*y, 0*y + o + 48 = 5*y. What are the prime factors of y?
3
Let v(g) = 2*g**3 - 4*g**2 + 4*g - 4. Suppose o = 8 + 1. Suppose d + o = 4*d. What are the prime factors of v(d)?
2, 13
Suppose 3*f = -f + 32. List the prime factors of f - -55 - (4 - 0).
59
Let z(u) = 148*u**2 - 5*u + 6. List the prime factors of z(1).
149
Let n = -266 - -266. Suppose 0 = 2*h - v - 2, 3*h + 0 = 2*v + 1. Suppose n = -h*c + 15, -2*t + 38 = -c - c. What are the prime factors of t?
2, 3
Let k be (-138)/345 - (-6)/(-10)*-259. Suppose 3*m - k = 16. What are the prime factors of m?
3, 19
Let s = 1220 - 99. What are the prime factors of s?
19, 59
List the prime factors of (-4)/6*(-2 - 19)*14.
2, 7
Let w = -34 - -39. Suppose -132 + 2 = -w*b. What are the prime factors of b?
2, 13
Suppose -2*l + 3 - 1 = 0. Suppose -w = 5*y - 30, 2*w = -0*w + 5*y. Suppose l = -x + w. List the prime factors of x.
3
Suppose -1068 = -3*l - 3*l. Suppose -5*v - l = -2*h, -5*h = -h + v - 334. What are the prime factors of h?
2, 3, 7
Let k = -360 - -184. Let p = k - -285. What are the prime factors of p?
109
Let g = -632 - -963. Let l = g - 216. What are the prime factors of l?
5, 23
Suppose -2*r - 3*r - 3*b = 562, 0 = -2*r - 2*b - 228. Let i = 167 + r. What are the prime factors of i?
3, 19
Let p be (0 - (5 + -4))*-7. Suppose 1316 - 308 = p*b. List the prime factors of b.
2, 3
Suppose 9482 + 373 = 5*m. List the prime factors of m.
3, 73
What are the prime factors of (-168)/(520/(-64) + 8)?
2, 3, 7
What are the prime factors of 41041/119 + (-2)/(-17)?
3, 5, 23
Suppose -191*x + 189*x + 388 = 0. List the prime factors of x.
2, 97
Let k(q) = 505*q - 239. List the prime factors of k(6).
2791
Let b = 2286 - 1006. What are the prime factors of b?
2, 5
Let d(c) = c**3 - 4*c**2 - 6*c + 24. Let f be d(5). Suppose t - 85 = -f. List the prime factors of t.
2, 3, 11
Let p(y) = -y**2 - 7*y + 6. Let w be p(-6). Let t = -10 + w. Suppose t*r = r + 24. What are the prime factors of r?
2, 3
Let b(s) = 2*s + 32. Let u be b(-15). Suppose 0 = i + 4 - 3, u*i + 195 = f. List the prime factors of f.
193
Let d(i) be the third derivative of i**5/60 + 5*i**4/24 + 5*i**3/3 - 5*i**2. Let j = 107 + -111. List the prime factors of d(j).
2, 3
Let m(s) = 3*s**2 + 17*s - 24. Let p be m(-13). Suppose -634 = -7*u + p. List the prime factors of u.
2
Let a(h) = 4*h. Let o be a(1). Let d(i) = 2*i**2 - 6*i - 1. Let j(c) = -c**2 + 5*c - 1. Let b(s) = 2*d(s) + 3*j(s). List the prime factors of b(o).
23
Let r(o) = -o**2 + 5*o - 23. Let u be r(13). Let j = u - -258. List the prime factors of j.
131
Suppose -2*a - 2*a - 5*u = 68, -3*a - 16 = -5*u. Let h = a + -4. Let y = 30 + h. What are the prime factors of y?
2, 7
Suppose 5*y - 3*v - 22 = 1, y = 2*v + 6. Suppose -2*n + 40 = -4*c, 7*c - 4*c + y*n = -52. List the prime factors of ((-8)/c)/(1/15).
2, 5
Let n = 34 - 13. What are the prime factors of n*2/1*1?
2, 3, 7
Let a = 303 + 307. What are the prime factors of a?
2, 5, 61
Let f be ((-72)/162)/(2/(-9)). Suppose f*v = 4*g + 226, v = -g - 4*g + 99. What are the prime factors of v?
109
Suppose -4*w - 38 - 702 = 0. Let b = -124 - w. What are the prime factors of b?
61
Suppose -b + 2*b + 10 = l, 25 = -4*b - l. Let m(k) = -2*k**3 - 16*k**2 - 17*k - 4. List the prime factors of m(b).
17
Suppose -1339 = -3*s + 1187. List the prime factors of s.
2, 421
Suppose 2*r + 204 = 4*g, -3*r + 2*r - 3*g - 77 = 0. Let d = 160 + r. List the prime factors of d.
2, 17
Let c = -14 - -49. List the prime factors of c.
5, 7
Let q(v) = 6*v - 1. Let l be q(1). Suppose -2*p = -l*p + 168. Suppose 4*j - c - p = 3*c, 0 = j - 5*c + 2. List the prime factors of j.
2, 3
Let d be -10*(-3)/(-12)*-6. Suppose 5*x = d, o + 2 = -x + 4. Let g = 16 + o. What are the prime factors of g?
3, 5
Let y(p) = 5*p**2 + 4*p. Let g be 150/(-117)*3 - (-12)/(-78). List the prime factors of y(g).
2
Let m = -162 - 544. What are the prime factors of m/(-6) - (-52)/(-78)?
3, 13
Suppose -4*b - 2*w = 3*w - 24, 2*b + 2*w - 10 = 0. Let s = b - -71. What are the prime factors of s?
2, 3
Suppose 4*t - 4*v - 10420 = 0, -189 = v - 194. What are the prime factors of t?
2, 3, 5, 29
Let t be -4 + (10 - 6/2). Suppose 3*k + 2*y + y = 318, -t*k - 5*y + 308 = 0. What are the prime factors of k?
3, 37
Suppose 552 = 4*v - 572. Suppose -4*g + v - 21 = 0. What are the prime factors of g?
5, 13
Suppose -2*j = j. Suppose -3*x + 14 + 106 = j. List the prime factors of 30/(-4)*(-128)/x.
2, 3
Let f be (2 - -2)/(-3*20/(-45)). What are the prime factors of 2*f/(-24) - 915/(-12)?
2, 19
Let h(a) = -14*a + 26. List the prime factors of h(-23).
2, 3, 29
Suppose -5*o + 4*m - 134 = 0, 4*m - 3 = 1. Suppose 136 = -4*k - 4*a, -2*k - 4*a + 86 = -4*k. Let f = o - k. What are the prime factors of f?
11
Suppose 12*w + 9804 = 31728. What are the prime factors of w?
3, 7, 29
Let o(q) = -4*q**3 + 4*q**2 + 5*q + 4. Let k be o(-2). List the prime factors of k + -7 + 4/1.
3, 13
Let t(j) be the first derivative of 3/2*j**2 - 2*j**3 + 1 + 1/4*j**4 + j. What are the prime factors of t(6)?
19
Suppose -v = -2*a - 255, 3*v = -a - a + 789. Suppose 4*w = 3*l + 473, -2*w + 4*l + v = 37. Let i = -76 + w. What are the prime factors of i?
2, 23
Let o(t) = -7*t - 155. What are the prime factors of o(-35)?
2, 3, 5
Let i(l) = -522*l - 735. What are the prime factors of i(-6)?
3, 17, 47
Let h = -21 + -62. Let i = h + 157. List the prime factors of i.
2, 37
Suppose -7*c + 5*p = -3*c - 2877, c - p - 718 = 0. List the prime factors of c.
23, 31
Suppose -3*f - f = 56. Suppose 0*a - 32 = -4*a. Let b = a - f. What are the prime factors of b?
2, 11
Let u = 80 - 73. Suppose -u*p + v + 60 = -6*p, 4*p + 3*v = 219. List the prime factors of p.
3, 19
Let q(x) = x**3 - 8*x**2 - 9*x. Let g = 19 + -10. Let u be q(g). Suppose c - 4*y - 6 = u, -3*c + 8*c - 5*y = 15. List the prime factors of c.
2
Let b(m) = -28*m - 4. Let g be (13/39)/(2/(-12)). List the prime factors of b(g).
2, 13
Let u be ((-3)/(-1))/((-12)/(-8)). Suppose u*v + 126 = -v. List the prime factors of ((-9)/(-6))/((-3)/v).
3, 7
Suppose 5*h + 3*r - 10777 = 0, -5*h = -5*r - 2790 - 7995. List the prime factors of h.
2, 7, 11
Let m(f) = 117*f + 231. What are the prime factors of m(20)?
3, 857
L